%PDF- %PDF-
Direktori : /var/log/nginx/ |
Current File : //var/log/nginx/access.log.1 |
176.104.54.28 - - [08/Aug/2022:11:40:52 +0000] "GET / HTTP/1.1" 200 3543 "-" "Mozilla/5.0 (Windows NT 10.0; Win64; x64) AppleWebKit/537.36 (KHTML, like Gecko) Chrome/103.0.0.0 Safari/537.36"
176.104.54.28 - - [08/Aug/2022:11:40:52 +0000] "GET /icons/ubuntu-logo.png HTTP/1.1" 404 197 "http://162.55.218.107/" "Mozilla/5.0 (Windows NT 10.0; Win64; x64) AppleWebKit/537.36 (KHTML, like Gecko) Chrome/103.0.0.0 Safari/537.36"
176.104.54.28 - - [08/Aug/2022:11:40:52 +0000] "GET / HTTP/1.1" 304 0 "-" "Mozilla/5.0 (Windows NT 10.0; Win64; x64) AppleWebKit/537.36 (KHTML, like Gecko) Chrome/103.0.0.0 Safari/537.36"
176.104.54.28 - - [08/Aug/2022:11:40:52 +0000] "GET /icons/ubuntu-logo.png HTTP/1.1" 404 197 "http://162.55.218.107/" "Mozilla/5.0 (Windows NT 10.0; Win64; x64) AppleWebKit/537.36 (KHTML, like Gecko) Chrome/103.0.0.0 Safari/537.36"
176.104.54.28 - - [08/Aug/2022:11:40:53 +0000] "GET / HTTP/1.1" 304 0 "-" "Mozilla/5.0 (Windows NT 10.0; Win64; x64) AppleWebKit/537.36 (KHTML, like Gecko) Chrome/103.0.0.0 Safari/537.36"
176.104.54.28 - - [08/Aug/2022:11:40:53 +0000] "GET /icons/ubuntu-logo.png HTTP/1.1" 404 197 "http://162.55.218.107/" "Mozilla/5.0 (Windows NT 10.0; Win64; x64) AppleWebKit/537.36 (KHTML, like Gecko) Chrome/103.0.0.0 Safari/537.36"
176.104.54.28 - lotusblue [08/Aug/2022:11:41:06 +0000] "GET / HTTP/1.1" 200 3543 "-" "Mozilla/5.0 (Windows NT 10.0; Win64; x64) AppleWebKit/537.36 (KHTML, like Gecko) Chrome/103.0.0.0 Safari/537.36"
176.104.54.28 - lotusblue [08/Aug/2022:11:41:06 +0000] "GET /icons/ubuntu-logo.png HTTP/1.1" 404 197 "https://kn-wn.eco-n-tech.co.uk/" "Mozilla/5.0 (Windows NT 10.0; Win64; x64) AppleWebKit/537.36 (KHTML, like Gecko) Chrome/103.0.0.0 Safari/537.36"
176.104.54.28 - lotusblue [08/Aug/2022:11:41:06 +0000] "GET /favicon.ico HTTP/1.1" 404 197 "https://kn-wn.eco-n-tech.co.uk/" "Mozilla/5.0 (Windows NT 10.0; Win64; x64) AppleWebKit/537.36 (KHTML, like Gecko) Chrome/103.0.0.0 Safari/537.36"
176.104.54.28 - lotusblue [08/Aug/2022:11:41:06 +0000] "GET / HTTP/1.1" 200 3543 "-" "Mozilla/5.0 (Windows NT 10.0; Win64; x64) AppleWebKit/537.36 (KHTML, like Gecko) Chrome/103.0.0.0 Safari/537.36"
176.104.54.28 - lotusblue [08/Aug/2022:11:41:07 +0000] "GET /icons/ubuntu-logo.png HTTP/1.1" 404 197 "https://kn-wn.eco-n-tech.co.uk/" "Mozilla/5.0 (Windows NT 10.0; Win64; x64) AppleWebKit/537.36 (KHTML, like Gecko) Chrome/103.0.0.0 Safari/537.36"
176.104.54.28 - lotusblue [08/Aug/2022:11:41:08 +0000] "GET / HTTP/1.1" 200 3543 "-" "Mozilla/5.0 (Windows NT 10.0; Win64; x64) AppleWebKit/537.36 (KHTML, like Gecko) Chrome/103.0.0.0 Safari/537.36"
176.104.54.28 - lotusblue [08/Aug/2022:11:41:08 +0000] "GET /icons/ubuntu-logo.png HTTP/1.1" 404 197 "https://kn-wn.eco-n-tech.co.uk/" "Mozilla/5.0 (Windows NT 10.0; Win64; x64) AppleWebKit/537.36 (KHTML, like Gecko) Chrome/103.0.0.0 Safari/537.36"
176.104.54.28 - lotusblue [08/Aug/2022:11:41:10 +0000] "GET / HTTP/1.1" 200 3543 "-" "Mozilla/5.0 (Windows NT 10.0; Win64; x64) AppleWebKit/537.36 (KHTML, like Gecko) Chrome/103.0.0.0 Safari/537.36"
176.104.54.28 - lotusblue [08/Aug/2022:11:41:10 +0000] "GET /icons/ubuntu-logo.png HTTP/1.1" 404 197 "https://kn-wn.eco-n-tech.co.uk/" "Mozilla/5.0 (Windows NT 10.0; Win64; x64) AppleWebKit/537.36 (KHTML, like Gecko) Chrome/103.0.0.0 Safari/537.36"
176.104.54.28 - lotusblue [08/Aug/2022:11:41:11 +0000] "GET / HTTP/1.1" 200 3543 "-" "Mozilla/5.0 (Windows NT 10.0; Win64; x64) AppleWebKit/537.36 (KHTML, like Gecko) Chrome/103.0.0.0 Safari/537.36"
176.104.54.28 - lotusblue [08/Aug/2022:11:41:11 +0000] "GET /icons/ubuntu-logo.png HTTP/1.1" 404 197 "https://kn-wn.eco-n-tech.co.uk/" "Mozilla/5.0 (Windows NT 10.0; Win64; x64) AppleWebKit/537.36 (KHTML, like Gecko) Chrome/103.0.0.0 Safari/537.36"
176.104.54.28 - lotusblue [08/Aug/2022:11:41:11 +0000] "GET / HTTP/1.1" 200 3543 "-" "Mozilla/5.0 (Windows NT 10.0; Win64; x64) AppleWebKit/537.36 (KHTML, like Gecko) Chrome/103.0.0.0 Safari/537.36"
176.104.54.28 - lotusblue [08/Aug/2022:11:41:11 +0000] "GET /icons/ubuntu-logo.png HTTP/1.1" 404 197 "https://kn-wn.eco-n-tech.co.uk/" "Mozilla/5.0 (Windows NT 10.0; Win64; x64) AppleWebKit/537.36 (KHTML, like Gecko) Chrome/103.0.0.0 Safari/537.36"
176.104.54.28 - lotusblue [08/Aug/2022:11:41:12 +0000] "GET / HTTP/1.1" 200 3543 "-" "Mozilla/5.0 (Windows NT 10.0; Win64; x64) AppleWebKit/537.36 (KHTML, like Gecko) Chrome/103.0.0.0 Safari/537.36"
176.104.54.28 - lotusblue [08/Aug/2022:11:41:12 +0000] "GET /icons/ubuntu-logo.png HTTP/1.1" 404 197 "https://kn-wn.eco-n-tech.co.uk/" "Mozilla/5.0 (Windows NT 10.0; Win64; x64) AppleWebKit/537.36 (KHTML, like Gecko) Chrome/103.0.0.0 Safari/537.36"
176.104.54.28 - lotusblue [08/Aug/2022:11:41:13 +0000] "GET / HTTP/1.1" 200 3543 "-" "Mozilla/5.0 (Windows NT 10.0; Win64; x64) AppleWebKit/537.36 (KHTML, like Gecko) Chrome/103.0.0.0 Safari/537.36"
75.119.157.181 - - [08/Aug/2022:11:41:13 +0000] "POST /wp-login.php HTTP/1.1" 404 197 "-" "Mozilla/5.0 (Windows NT 6.1) AppleWebKit/537.36 (KHTML, like Gecko) Chrome/61.0.3163.100 Safari/537.36"
176.104.54.28 - lotusblue [08/Aug/2022:11:41:13 +0000] "GET /icons/ubuntu-logo.png HTTP/1.1" 404 197 "https://kn-wn.eco-n-tech.co.uk/" "Mozilla/5.0 (Windows NT 10.0; Win64; x64) AppleWebKit/537.36 (KHTML, like Gecko) Chrome/103.0.0.0 Safari/537.36"
176.104.54.28 - lotusblue [08/Aug/2022:11:41:13 +0000] "GET / HTTP/1.1" 200 3543 "-" "Mozilla/5.0 (Windows NT 10.0; Win64; x64) AppleWebKit/537.36 (KHTML, like Gecko) Chrome/103.0.0.0 Safari/537.36"
176.104.54.28 - lotusblue [08/Aug/2022:11:41:13 +0000] "GET /icons/ubuntu-logo.png HTTP/1.1" 404 197 "https://kn-wn.eco-n-tech.co.uk/" "Mozilla/5.0 (Windows NT 10.0; Win64; x64) AppleWebKit/537.36 (KHTML, like Gecko) Chrome/103.0.0.0 Safari/537.36"
176.104.54.28 - lotusblue [08/Aug/2022:11:41:14 +0000] "GET / HTTP/1.1" 200 3543 "-" "Mozilla/5.0 (Windows NT 10.0; Win64; x64) AppleWebKit/537.36 (KHTML, like Gecko) Chrome/103.0.0.0 Safari/537.36"
176.104.54.28 - lotusblue [08/Aug/2022:11:41:14 +0000] "GET /icons/ubuntu-logo.png HTTP/1.1" 404 197 "https://kn-wn.eco-n-tech.co.uk/" "Mozilla/5.0 (Windows NT 10.0; Win64; x64) AppleWebKit/537.36 (KHTML, like Gecko) Chrome/103.0.0.0 Safari/537.36"
176.104.54.28 - lotusblue [08/Aug/2022:11:41:17 +0000] "GET / HTTP/1.1" 200 3543 "-" "Mozilla/5.0 (Windows NT 10.0; Win64; x64) AppleWebKit/537.36 (KHTML, like Gecko) Chrome/103.0.0.0 Safari/537.36"
176.104.54.28 - lotusblue [08/Aug/2022:11:41:17 +0000] "GET /icons/ubuntu-logo.png HTTP/1.1" 404 197 "https://kn-wn.eco-n-tech.co.uk/" "Mozilla/5.0 (Windows NT 10.0; Win64; x64) AppleWebKit/537.36 (KHTML, like Gecko) Chrome/103.0.0.0 Safari/537.36"
82.223.104.73 - - [08/Aug/2022:11:41:19 +0000] "POST /wp-login.php HTTP/1.1" 404 197 "-" "Mozilla/5.0 (Windows NT 10.0; Win64; x64) AppleWebKit/537.36 (KHTML, like Gecko) Chrome/86.0.4240.193 Safari/537.36"
176.104.54.28 - - [08/Aug/2022:11:41:39 +0000] "GET / HTTP/1.1" 200 3543 "-" "Mozilla/5.0 (Windows NT 10.0; Win64; x64) AppleWebKit/537.36 (KHTML, like Gecko) Chrome/103.0.0.0 Safari/537.36"
176.104.54.28 - - [08/Aug/2022:11:41:39 +0000] "GET /icons/ubuntu-logo.png HTTP/1.1" 404 197 "http://lotusblue.eco-n-tech.co.uk/" "Mozilla/5.0 (Windows NT 10.0; Win64; x64) AppleWebKit/537.36 (KHTML, like Gecko) Chrome/103.0.0.0 Safari/537.36"
176.104.54.28 - - [08/Aug/2022:11:41:39 +0000] "GET /favicon.ico HTTP/1.1" 404 197 "http://lotusblue.eco-n-tech.co.uk/" "Mozilla/5.0 (Windows NT 10.0; Win64; x64) AppleWebKit/537.36 (KHTML, like Gecko) Chrome/103.0.0.0 Safari/537.36"
179.43.155.171 - - [08/Aug/2022:11:41:45 +0000] "GET /?pp=env HTTP/1.1" 200 3543 "-" "Mozilla/5.0 (Windows NT 6.3; WOW64) AppleWebKit/537.36 (KHTML, like Gecko) Chrome/99.0.4844.84 Safari/537.36"
176.104.54.28 - - [08/Aug/2022:11:41:56 +0000] "GET / HTTP/1.1" 304 0 "-" "Mozilla/5.0 (Windows NT 10.0; Win64; x64) AppleWebKit/537.36 (KHTML, like Gecko) Chrome/103.0.0.0 Safari/537.36"
176.104.54.28 - - [08/Aug/2022:11:41:56 +0000] "GET /icons/ubuntu-logo.png HTTP/1.1" 404 197 "http://lotusblue.eco-n-tech.co.uk/" "Mozilla/5.0 (Windows NT 10.0; Win64; x64) AppleWebKit/537.36 (KHTML, like Gecko) Chrome/103.0.0.0 Safari/537.36"
88.87.206.123 - - [08/Aug/2022:11:42:03 +0000] "POST /wp-login.php HTTP/1.1" 404 197 "-" "Mozilla/5.0 (Windows NT 6.1; Win64; x64) AppleWebKit/537.36 (KHTML, like Gecko) Chrome/60.0.3112.113 Safari/537.36"
176.104.54.28 - - [08/Aug/2022:11:42:50 +0000] "GET /icons/ubuntu-logo.png HTTP/1.1" 404 197 "http://lotusblue.eco-n-tech.co.uk/" "Mozilla/5.0 (Windows NT 10.0; Win64; x64) AppleWebKit/537.36 (KHTML, like Gecko) Chrome/103.0.0.0 Safari/537.36"
172.104.9.241 - - [08/Aug/2022:11:43:19 +0000] "POST /wp-login.php HTTP/1.1" 404 197 "-" "Mozilla/5.0 (Windows NT 6.0) AppleWebKit/537.36 (KHTML, like Gecko) Chrome/49.0.2623.112 Safari/537.36"
176.104.54.28 - - [08/Aug/2022:11:43:41 +0000] "GET / HTTP/1.1" 304 0 "-" "Mozilla/5.0 (Windows NT 10.0; Win64; x64) AppleWebKit/537.36 (KHTML, like Gecko) Chrome/103.0.0.0 Safari/537.36"
176.104.54.28 - - [08/Aug/2022:11:43:41 +0000] "GET /icons/ubuntu-logo.png HTTP/1.1" 404 197 "http://lotusblue.eco-n-tech.co.uk/" "Mozilla/5.0 (Windows NT 10.0; Win64; x64) AppleWebKit/537.36 (KHTML, like Gecko) Chrome/103.0.0.0 Safari/537.36"
176.104.54.28 - - [08/Aug/2022:11:43:42 +0000] "GET / HTTP/1.1" 304 0 "-" "Mozilla/5.0 (Windows NT 10.0; Win64; x64) AppleWebKit/537.36 (KHTML, like Gecko) Chrome/103.0.0.0 Safari/537.36"
176.104.54.28 - - [08/Aug/2022:11:43:42 +0000] "GET /icons/ubuntu-logo.png HTTP/1.1" 404 197 "http://lotusblue.eco-n-tech.co.uk/" "Mozilla/5.0 (Windows NT 10.0; Win64; x64) AppleWebKit/537.36 (KHTML, like Gecko) Chrome/103.0.0.0 Safari/537.36"
176.104.54.28 - - [08/Aug/2022:11:43:43 +0000] "GET / HTTP/1.1" 304 0 "-" "Mozilla/5.0 (Windows NT 10.0; Win64; x64) AppleWebKit/537.36 (KHTML, like Gecko) Chrome/103.0.0.0 Safari/537.36"
176.104.54.28 - - [08/Aug/2022:11:43:43 +0000] "GET /icons/ubuntu-logo.png HTTP/1.1" 404 197 "http://lotusblue.eco-n-tech.co.uk/" "Mozilla/5.0 (Windows NT 10.0; Win64; x64) AppleWebKit/537.36 (KHTML, like Gecko) Chrome/103.0.0.0 Safari/537.36"
31.11.131.8 - argent [08/Aug/2022:11:44:35 +0000] "GET /wp-admin/post.php?post=3633&action=edit HTTP/1.1" 404 197 "https://argent-d.eco-n-tech.co.uk/wp-admin/edit.php?post_type=service" "Mozilla/5.0 (Macintosh; Intel Mac OS X 10_15_7) AppleWebKit/537.36 (KHTML, like Gecko) Chrome/104.0.0.0 Safari/537.36"
31.11.131.8 - argent [08/Aug/2022:11:44:36 +0000] "GET /favicon.ico HTTP/1.1" 404 197 "https://argent-d.eco-n-tech.co.uk/wp-admin/post.php?post=3633&action=edit" "Mozilla/5.0 (Macintosh; Intel Mac OS X 10_15_7) AppleWebKit/537.36 (KHTML, like Gecko) Chrome/104.0.0.0 Safari/537.36"
31.11.131.8 - argent [08/Aug/2022:11:44:40 +0000] "POST /wp-admin/admin-ajax.php HTTP/1.1" 404 197 "https://argent-d.eco-n-tech.co.uk/wp-admin/edit.php?post_type=service" "Mozilla/5.0 (Macintosh; Intel Mac OS X 10_15_7) AppleWebKit/537.36 (KHTML, like Gecko) Chrome/104.0.0.0 Safari/537.36"
149.154.161.246 - - [08/Aug/2022:11:44:41 +0000] "GET / HTTP/1.1" 200 3543 "-" "TelegramBot (like TwitterBot)"
91.249.163.48 - - [08/Aug/2022:11:44:46 +0000] "POST /wp-login.php HTTP/1.1" 404 197 "-" "Mozilla/5.0 (Windows NT 10.0; Win64; x64) AppleWebKit/537.36 (KHTML, like Gecko) Chrome/64.0.3282.140 Safari/537.36"
31.11.131.8 - argent [08/Aug/2022:11:44:46 +0000] "GET /wp-admin HTTP/1.1" 404 197 "-" "Mozilla/5.0 (Macintosh; Intel Mac OS X 10_15_7) AppleWebKit/537.36 (KHTML, like Gecko) Chrome/104.0.0.0 Safari/537.36"
31.11.131.8 - argent [08/Aug/2022:11:44:53 +0000] "POST /wp-admin/admin-ajax.php HTTP/1.1" 404 197 "https://argent-d.eco-n-tech.co.uk/wp-admin/edit.php?post_type=service" "Mozilla/5.0 (Macintosh; Intel Mac OS X 10_15_7) AppleWebKit/537.36 (KHTML, like Gecko) Chrome/104.0.0.0 Safari/537.36"
31.11.131.8 - argent [08/Aug/2022:11:44:54 +0000] "GET / HTTP/1.1" 200 3543 "https://argent-d.eco-n-tech.co.uk/wp-admin/edit.php?post_type=service" "Mozilla/5.0 (Macintosh; Intel Mac OS X 10_15_7) AppleWebKit/537.36 (KHTML, like Gecko) Chrome/104.0.0.0 Safari/537.36"
31.11.131.8 - argent [08/Aug/2022:11:44:55 +0000] "GET /icons/ubuntu-logo.png HTTP/1.1" 404 197 "https://argent-d.eco-n-tech.co.uk/" "Mozilla/5.0 (Macintosh; Intel Mac OS X 10_15_7) AppleWebKit/537.36 (KHTML, like Gecko) Chrome/104.0.0.0 Safari/537.36"
151.106.41.64 - - [08/Aug/2022:11:44:59 +0000] "POST /wp-login.php HTTP/1.1" 404 197 "-" "Mozilla/5.0 (Windows NT 10.0; Win64; x64) AppleWebKit/537.36 (KHTML, like Gecko) Chrome/87.0.4280.88 Safari/537.36"
31.11.131.8 - argent [08/Aug/2022:11:45:02 +0000] "POST /wp-admin/admin-ajax.php HTTP/1.1" 404 197 "https://argent-d.eco-n-tech.co.uk/wp-admin/edit.php?post_type=service" "Mozilla/5.0 (Macintosh; Intel Mac OS X 10_15_7) AppleWebKit/537.36 (KHTML, like Gecko) Chrome/104.0.0.0 Safari/537.36"
31.11.131.8 - argent [08/Aug/2022:11:45:04 +0000] "GET /wp-admin/ HTTP/1.1" 404 197 "https://argent-d.eco-n-tech.co.uk/" "Mozilla/5.0 (Macintosh; Intel Mac OS X 10_15_7) AppleWebKit/537.36 (KHTML, like Gecko) Chrome/104.0.0.0 Safari/537.36"
31.11.131.8 - argent [08/Aug/2022:11:45:05 +0000] "GET / HTTP/1.1" 200 3543 "https://argent-d.eco-n-tech.co.uk/wp-admin/post.php?post=3632&action=edit" "Mozilla/5.0 (Macintosh; Intel Mac OS X 10_15_7) AppleWebKit/537.36 (KHTML, like Gecko) Chrome/104.0.0.0 Safari/537.36"
31.11.131.8 - argent [08/Aug/2022:11:45:05 +0000] "GET /icons/ubuntu-logo.png HTTP/1.1" 404 197 "https://argent-d.eco-n-tech.co.uk/" "Mozilla/5.0 (Macintosh; Intel Mac OS X 10_15_7) AppleWebKit/537.36 (KHTML, like Gecko) Chrome/104.0.0.0 Safari/537.36"
31.11.131.8 - argent [08/Aug/2022:11:45:07 +0000] "GET /wp-admin/post.php?post=3632&action=edit HTTP/1.1" 404 197 "https://argent-d.eco-n-tech.co.uk/wp-admin/post.php?post=3632&action=edit" "Mozilla/5.0 (Macintosh; Intel Mac OS X 10_15_7) AppleWebKit/537.36 (KHTML, like Gecko) Chrome/104.0.0.0 Safari/537.36"
176.104.54.28 - - [08/Aug/2022:11:45:07 +0000] "GET / HTTP/1.1" 304 0 "-" "Mozilla/5.0 (Windows NT 10.0; Win64; x64) AppleWebKit/537.36 (KHTML, like Gecko) Chrome/103.0.0.0 Safari/537.36"
31.11.131.8 - argent [08/Aug/2022:11:45:07 +0000] "GET /wp-admin/post.php?post=3632&action=edit HTTP/1.1" 404 197 "https://argent-d.eco-n-tech.co.uk/wp-admin/edit.php?post_type=service" "Mozilla/5.0 (Macintosh; Intel Mac OS X 10_15_7) AppleWebKit/537.36 (KHTML, like Gecko) Chrome/104.0.0.0 Safari/537.36"
176.104.54.28 - - [08/Aug/2022:11:45:07 +0000] "GET /icons/ubuntu-logo.png HTTP/1.1" 404 197 "http://lotusblue.eco-n-tech.co.uk/" "Mozilla/5.0 (Windows NT 10.0; Win64; x64) AppleWebKit/537.36 (KHTML, like Gecko) Chrome/103.0.0.0 Safari/537.36"
31.11.131.8 - argent [08/Aug/2022:11:45:11 +0000] "POST /wp-admin/admin-ajax.php HTTP/1.1" 404 197 "https://argent-d.eco-n-tech.co.uk/wp-admin/edit.php?post_type=service" "Mozilla/5.0 (Macintosh; Intel Mac OS X 10_15_7) AppleWebKit/537.36 (KHTML, like Gecko) Chrome/104.0.0.0 Safari/537.36"
31.11.131.8 - argent [08/Aug/2022:11:45:12 +0000] "GET /wp-admin/ HTTP/1.1" 404 197 "https://argent-d.eco-n-tech.co.uk/" "Mozilla/5.0 (Macintosh; Intel Mac OS X 10_15_7) AppleWebKit/537.36 (KHTML, like Gecko) Chrome/104.0.0.0 Safari/537.36"
31.11.131.8 - argent [08/Aug/2022:11:45:13 +0000] "GET / HTTP/1.1" 200 3543 "https://argent-d.eco-n-tech.co.uk/wp-admin/post.php?post=3631&action=edit" "Mozilla/5.0 (Macintosh; Intel Mac OS X 10_15_7) AppleWebKit/537.36 (KHTML, like Gecko) Chrome/104.0.0.0 Safari/537.36"
31.11.131.8 - argent [08/Aug/2022:11:45:13 +0000] "GET /icons/ubuntu-logo.png HTTP/1.1" 404 197 "https://argent-d.eco-n-tech.co.uk/" "Mozilla/5.0 (Macintosh; Intel Mac OS X 10_15_7) AppleWebKit/537.36 (KHTML, like Gecko) Chrome/104.0.0.0 Safari/537.36"
31.11.131.8 - argent [08/Aug/2022:11:45:14 +0000] "GET /wp-admin/post.php?post=3631&action=edit HTTP/1.1" 404 197 "https://argent-d.eco-n-tech.co.uk/wp-admin/post.php?post=3631&action=edit" "Mozilla/5.0 (Macintosh; Intel Mac OS X 10_15_7) AppleWebKit/537.36 (KHTML, like Gecko) Chrome/104.0.0.0 Safari/537.36"
31.11.131.8 - argent [08/Aug/2022:11:45:15 +0000] "GET /wp-admin/post.php?post=3631&action=edit HTTP/1.1" 404 197 "https://argent-d.eco-n-tech.co.uk/wp-admin/edit.php?post_type=service" "Mozilla/5.0 (Macintosh; Intel Mac OS X 10_15_7) AppleWebKit/537.36 (KHTML, like Gecko) Chrome/104.0.0.0 Safari/537.36"
31.11.131.8 - argent [08/Aug/2022:11:45:18 +0000] "POST /wp-admin/admin-ajax.php HTTP/1.1" 404 197 "https://argent-d.eco-n-tech.co.uk/wp-admin/edit.php?post_type=service" "Mozilla/5.0 (Macintosh; Intel Mac OS X 10_15_7) AppleWebKit/537.36 (KHTML, like Gecko) Chrome/104.0.0.0 Safari/537.36"
31.11.131.8 - argent [08/Aug/2022:11:45:20 +0000] "POST /wp-admin/admin-ajax.php HTTP/1.1" 404 197 "https://argent-d.eco-n-tech.co.uk/wp-admin/edit.php?post_type=page" "Mozilla/5.0 (Macintosh; Intel Mac OS X 10_15_7) AppleWebKit/537.36 (KHTML, like Gecko) Chrome/104.0.0.0 Safari/537.36"
31.11.131.8 - argent [08/Aug/2022:11:45:20 +0000] "GET /wp-admin/ HTTP/1.1" 404 197 "https://argent-d.eco-n-tech.co.uk/" "Mozilla/5.0 (Macintosh; Intel Mac OS X 10_15_7) AppleWebKit/537.36 (KHTML, like Gecko) Chrome/104.0.0.0 Safari/537.36"
31.11.131.8 - argent [08/Aug/2022:11:45:21 +0000] "GET / HTTP/1.1" 200 3543 "https://argent-d.eco-n-tech.co.uk/" "Mozilla/5.0 (Macintosh; Intel Mac OS X 10_15_7) AppleWebKit/537.36 (KHTML, like Gecko) Chrome/104.0.0.0 Safari/537.36"
31.11.131.8 - argent [08/Aug/2022:11:45:22 +0000] "GET /icons/ubuntu-logo.png HTTP/1.1" 404 197 "https://argent-d.eco-n-tech.co.uk/" "Mozilla/5.0 (Macintosh; Intel Mac OS X 10_15_7) AppleWebKit/537.36 (KHTML, like Gecko) Chrome/104.0.0.0 Safari/537.36"
109.172.150.180 - - [08/Aug/2022:11:45:34 +0000] "GET / HTTP/1.1" 200 3543 "-" "Mozilla/5.0 (X11; Linux x86_64; rv:103.0) Gecko/20100101 Firefox/103.0"
109.172.150.180 - - [08/Aug/2022:11:45:34 +0000] "GET /icons/ubuntu-logo.png HTTP/1.1" 404 134 "http://lotusblue.eco-n-tech.co.uk/" "Mozilla/5.0 (X11; Linux x86_64; rv:103.0) Gecko/20100101 Firefox/103.0"
109.172.150.180 - - [08/Aug/2022:11:45:34 +0000] "GET /favicon.ico HTTP/1.1" 404 134 "http://lotusblue.eco-n-tech.co.uk/" "Mozilla/5.0 (X11; Linux x86_64; rv:103.0) Gecko/20100101 Firefox/103.0"
31.11.131.8 - argent [08/Aug/2022:11:45:37 +0000] "GET /wp-admin/ HTTP/1.1" 404 197 "https://argent-d.eco-n-tech.co.uk/service/2d-modeling/" "Mozilla/5.0 (Macintosh; Intel Mac OS X 10_15_7) AppleWebKit/537.36 (KHTML, like Gecko) Chrome/104.0.0.0 Safari/537.36"
192.241.220.82 - - [08/Aug/2022:11:46:02 +0000] "GET /portal/redlion HTTP/1.1" 404 134 "-" "Mozilla/5.0 zgrab/0.x"
192.241.213.234 - - [08/Aug/2022:11:46:05 +0000] "GET /actuator/health HTTP/1.1" 404 134 "-" "Mozilla/5.0 zgrab/0.x"
195.250.67.106 - - [08/Aug/2022:11:46:15 +0000] "POST /wp-login.php HTTP/1.1" 404 197 "-" "Mozilla/5.0 (Windows NT 6.3; Win64; x64) AppleWebKit/537.36 (KHTML, like Gecko) Chrome/65.0.3325.181 Safari/537.36"
193.34.172.116 - - [08/Aug/2022:11:46:22 +0000] "GET / HTTP/1.1" 200 10918 "-" "Mozilla/5.0 (Windows NT 6.1; WOW64) AppleWebKit/537.36 (KHTML, like Gecko) Chrome/51.0.2704.103 Safari/537.36"
178.128.5.109 - - [08/Aug/2022:11:46:28 +0000] "POST /wp-login.php HTTP/1.1" 404 197 "-" "Mozilla/5.0 (Windows NT 10.0; WOW64) AppleWebKit/537.36 (KHTML, like Gecko) Chrome/55.0.2883.87 Safari/537.36"
89.19.79.46 - argent [08/Aug/2022:11:47:35 +0000] "GET / HTTP/1.1" 200 3543 "-" "Mozilla/5.0 (Windows NT 10.0; Win64; x64) AppleWebKit/537.36 (KHTML, like Gecko) Chrome/104.0.0.0 Safari/537.36"
89.19.79.46 - argent [08/Aug/2022:11:47:35 +0000] "GET /icons/ubuntu-logo.png HTTP/1.1" 404 197 "https://argent-d.eco-n-tech.co.uk/" "Mozilla/5.0 (Windows NT 10.0; Win64; x64) AppleWebKit/537.36 (KHTML, like Gecko) Chrome/104.0.0.0 Safari/537.36"
89.19.79.46 - argent [08/Aug/2022:11:47:35 +0000] "GET /favicon.ico HTTP/1.1" 404 197 "https://argent-d.eco-n-tech.co.uk/" "Mozilla/5.0 (Windows NT 10.0; Win64; x64) AppleWebKit/537.36 (KHTML, like Gecko) Chrome/104.0.0.0 Safari/537.36"
89.19.79.46 - lotusblue [08/Aug/2022:11:47:50 +0000] "GET / HTTP/1.1" 200 3543 "-" "Mozilla/5.0 (Windows NT 10.0; Win64; x64) AppleWebKit/537.36 (KHTML, like Gecko) Chrome/104.0.0.0 Safari/537.36"
89.19.79.46 - lotusblue [08/Aug/2022:11:47:50 +0000] "GET /icons/ubuntu-logo.png HTTP/1.1" 404 197 "https://lotusblue.eco-n-tech.co.uk/" "Mozilla/5.0 (Windows NT 10.0; Win64; x64) AppleWebKit/537.36 (KHTML, like Gecko) Chrome/104.0.0.0 Safari/537.36"
89.19.79.46 - lotusblue [08/Aug/2022:11:47:50 +0000] "GET /favicon.ico HTTP/1.1" 404 197 "https://lotusblue.eco-n-tech.co.uk/" "Mozilla/5.0 (Windows NT 10.0; Win64; x64) AppleWebKit/537.36 (KHTML, like Gecko) Chrome/104.0.0.0 Safari/537.36"
176.104.54.28 - - [08/Aug/2022:11:48:05 +0000] "GET / HTTP/1.1" 304 0 "-" "Mozilla/5.0 (Windows NT 10.0; Win64; x64) AppleWebKit/537.36 (KHTML, like Gecko) Chrome/103.0.0.0 Safari/537.36"
176.104.54.28 - - [08/Aug/2022:11:48:05 +0000] "GET /icons/ubuntu-logo.png HTTP/1.1" 404 197 "http://lotusblue.eco-n-tech.co.uk/" "Mozilla/5.0 (Windows NT 10.0; Win64; x64) AppleWebKit/537.36 (KHTML, like Gecko) Chrome/103.0.0.0 Safari/537.36"
176.104.54.28 - - [08/Aug/2022:11:48:06 +0000] "GET / HTTP/1.1" 304 0 "-" "Mozilla/5.0 (Windows NT 10.0; Win64; x64) AppleWebKit/537.36 (KHTML, like Gecko) Chrome/103.0.0.0 Safari/537.36"
176.104.54.28 - - [08/Aug/2022:11:48:06 +0000] "GET /icons/ubuntu-logo.png HTTP/1.1" 404 197 "http://lotusblue.eco-n-tech.co.uk/" "Mozilla/5.0 (Windows NT 10.0; Win64; x64) AppleWebKit/537.36 (KHTML, like Gecko) Chrome/103.0.0.0 Safari/537.36"
8.210.146.161 - - [08/Aug/2022:11:49:05 +0000] "POST /wp-login.php HTTP/1.1" 404 197 "-" "Mozilla/5.0 (Windows NT 10.0; Win64; x64) AppleWebKit/537.36 (KHTML, like Gecko) Chrome/73.0.3683.86 Safari/537.36"
173.236.184.128 - - [08/Aug/2022:11:49:11 +0000] "POST /wp-login.php HTTP/1.1" 404 197 "-" "Mozilla/5.0 (Windows NT 10.0; WOW64) AppleWebKit/537.36 (KHTML, like Gecko) Chrome/57.0.2987.133 Safari/537.36"
128.14.134.134 - - [08/Aug/2022:11:49:42 +0000] "GET / HTTP/1.1" 200 3543 "-" "Mozilla/5.0 (Windows NT 10.0; Win64; x64) AppleWebKit/537.36 (KHTML, like Gecko) Chrome/60.0.3112.113 Safari/537.36"
103.129.222.91 - - [08/Aug/2022:11:49:46 +0000] "POST /wp-login.php HTTP/1.1" 404 197 "-" "Mozilla/5.0 (Windows NT 6.1) AppleWebKit/537.36 (KHTML, like Gecko) Chrome/65.0.3325.181 Safari/537.36"
34.69.109.132 - - [08/Aug/2022:11:52:29 +0000] "POST /wp-login.php HTTP/1.1" 404 197 "-" "Mozilla/5.0 (Windows NT 10.0; WOW64) AppleWebKit/537.36 (KHTML, like Gecko) Chrome/47.0.2526.106 Safari/537.36"
128.14.141.34 - - [08/Aug/2022:11:55:07 +0000] "GET /solr/ HTTP/1.1" 404 197 "-" "Mozilla/5.0 (Windows NT 10.0; Win64; x64) AppleWebKit/537.36 (KHTML, like Gecko) Chrome/60.0.3112.113 Safari/537.36"
67.205.1.9 - - [08/Aug/2022:11:57:45 +0000] "POST /wp-login.php HTTP/1.1" 404 197 "-" "Mozilla/5.0 (Windows NT 10.0; WOW64) AppleWebKit/537.36 (KHTML, like Gecko) Chrome/55.0.2883.87 Safari/537.36"
159.65.200.228 - - [08/Aug/2022:11:59:18 +0000] "POST /wp-login.php HTTP/1.1" 404 197 "-" "Mozilla/5.0 (Windows NT 10.0; WOW64) AppleWebKit/537.36 (KHTML, like Gecko) Chrome/46.0.2490.80 Safari/537.36"
143.244.155.35 - - [08/Aug/2022:11:59:27 +0000] "POST /wp-login.php HTTP/1.1" 404 197 "-" "Mozilla/5.0 (Windows NT 6.1; WOW64) AppleWebKit/537.36 (KHTML, like Gecko) Chrome/36.0.1985.125 Safari/537.36"
159.89.228.214 - - [08/Aug/2022:12:00:13 +0000] "POST /wp-login.php HTTP/1.1" 404 197 "-" "Mozilla/5.0 (Windows NT 10.0; Win64; x64) AppleWebKit/537.36 (KHTML, like Gecko) Chrome/66.0.3359.117 Safari/537.36"
47.107.242.103 - - [08/Aug/2022:12:01:29 +0000] "POST /wp-login.php HTTP/1.1" 404 197 "-" "Mozilla/5.0 (Windows NT 10.0; WOW64) AppleWebKit/537.36 (KHTML, like Gecko) Chrome/46.0.2490.80 Safari/537.36"
151.106.41.64 - - [08/Aug/2022:12:02:56 +0000] "POST /wp-login.php HTTP/1.1" 404 197 "-" "Mozilla/5.0 (Windows NT 6.1) AppleWebKit/537.36 (KHTML, like Gecko) Chrome/62.0.3202.94 Safari/537.36"
188.127.231.190 - - [08/Aug/2022:12:03:10 +0000] "POST /wp-login.php HTTP/1.1" 404 197 "-" "Mozilla/5.0 (Windows NT 6.1; WOW64) AppleWebKit/537.36 (KHTML, like Gecko) Chrome/51.0.2704.106 Safari/537.36"
64.227.183.25 - - [08/Aug/2022:12:03:38 +0000] "POST /wp-login.php HTTP/1.1" 404 197 "-" "Mozilla/5.0 (Windows NT 6.1) AppleWebKit/537.36 (KHTML, like Gecko) Chrome/70.0.3538.77 Safari/537.36"
109.172.150.180 - - [08/Aug/2022:12:04:10 +0000] "GET / HTTP/1.1" 200 3543 "-" "Mozilla/5.0 (X11; Linux x86_64) AppleWebKit/537.36 (KHTML, like Gecko) Chrome/104.0.0.0 Safari/537.36"
109.172.150.180 - - [08/Aug/2022:12:04:10 +0000] "GET /icons/ubuntu-logo.png HTTP/1.1" 404 197 "http://lotusblue.eco-n-tech.co.uk/" "Mozilla/5.0 (X11; Linux x86_64) AppleWebKit/537.36 (KHTML, like Gecko) Chrome/104.0.0.0 Safari/537.36"
109.172.150.180 - - [08/Aug/2022:12:04:10 +0000] "GET /favicon.ico HTTP/1.1" 404 197 "http://lotusblue.eco-n-tech.co.uk/" "Mozilla/5.0 (X11; Linux x86_64) AppleWebKit/537.36 (KHTML, like Gecko) Chrome/104.0.0.0 Safari/537.36"
13.81.59.92 - - [08/Aug/2022:12:04:28 +0000] "POST /wp-login.php HTTP/1.1" 404 197 "-" "Mozilla/5.0 (Windows NT 6.1) AppleWebKit/537.36 (KHTML, like Gecko) Chrome/80.0.3987.149 Safari/537.36"
176.104.54.28 - - [08/Aug/2022:12:04:36 +0000] "GET /icons/ubuntu-logo.png HTTP/1.1" 404 197 "http://lotusblue.eco-n-tech.co.uk/" "Mozilla/5.0 (Windows NT 10.0; Win64; x64) AppleWebKit/537.36 (KHTML, like Gecko) Chrome/103.0.0.0 Safari/537.36"
176.104.54.28 - - [08/Aug/2022:12:04:38 +0000] "GET / HTTP/1.1" 200 3543 "-" "Mozilla/5.0 (Windows NT 10.0; Win64; x64) AppleWebKit/537.36 (KHTML, like Gecko) Chrome/103.0.0.0 Safari/537.36"
176.104.54.28 - - [08/Aug/2022:12:04:38 +0000] "GET /icons/ubuntu-logo.png HTTP/1.1" 404 197 "http://lotusblue.eco-n-tech.co.uk/" "Mozilla/5.0 (Windows NT 10.0; Win64; x64) AppleWebKit/537.36 (KHTML, like Gecko) Chrome/103.0.0.0 Safari/537.36"
176.104.54.28 - - [08/Aug/2022:12:04:39 +0000] "GET /favicon.ico HTTP/1.1" 404 197 "http://lotusblue.eco-n-tech.co.uk/" "Mozilla/5.0 (Windows NT 10.0; Win64; x64) AppleWebKit/537.36 (KHTML, like Gecko) Chrome/103.0.0.0 Safari/537.36"
51.255.81.60 - - [08/Aug/2022:12:04:39 +0000] "POST /wp-login.php HTTP/1.1" 404 197 "-" "Mozilla/5.0 (Windows NT 10.0; Win64; x64) AppleWebKit/537.36 (KHTML, like Gecko) Chrome/87.0.4280.88 Safari/537.36"
23.99.229.218 - - [08/Aug/2022:12:07:21 +0000] "POST /wp-login.php HTTP/1.1" 404 197 "-" "Mozilla/5.0 (Windows NT 10.0; WOW64) AppleWebKit/537.36 (KHTML, like Gecko) Chrome/53.0.2785.143 Safari/537.36"
8.131.62.110 - - [08/Aug/2022:12:07:28 +0000] "POST /wp-login.php HTTP/1.1" 404 197 "-" "Mozilla/5.0 (Windows NT 6.1; WOW64) AppleWebKit/537.36 (KHTML, like Gecko) Chrome/32.0.1700.107 Safari/537.36"
64.90.36.102 - - [08/Aug/2022:12:08:03 +0000] "POST /wp-login.php HTTP/1.1" 404 197 "-" "Mozilla/5.0 (Windows NT 6.3; Win64; x64) AppleWebKit/537.36 (KHTML, like Gecko) Chrome/79.0.3945.130 Safari/537.36"
157.55.39.22 - - [08/Aug/2022:12:10:40 +0000] "GET / HTTP/1.1" 200 3543 "-" "Mozilla/5.0 (compatible; bingbot/2.0; +http://www.bing.com/bingbot.htm)"
65.21.105.105 - - [08/Aug/2022:12:10:46 +0000] "POST /wp-login.php HTTP/1.1" 404 197 "-" "Mozilla/5.0 (Windows NT 10.0; Win64; x64) AppleWebKit/537.36 (KHTML, like Gecko) Chrome/70.0.3538.67 Safari/537.36"
159.89.207.135 - - [08/Aug/2022:12:16:05 +0000] "POST /wp-login.php HTTP/1.1" 404 197 "-" "Mozilla/5.0 (Windows NT 6.1; WOW64) AppleWebKit/537.36 (KHTML, like Gecko) Chrome/36.0.1985.125 Safari/537.36"
97.74.89.166 - - [08/Aug/2022:12:17:38 +0000] "POST /wp-login.php HTTP/1.1" 404 197 "-" "Mozilla/5.0 (Windows NT 6.1; WOW64) AppleWebKit/537.36 (KHTML, like Gecko) Chrome/63.0.3239.132 Safari/537.36"
164.46.122.50 - - [08/Aug/2022:12:17:48 +0000] "POST /wp-login.php HTTP/1.1" 404 197 "-" "Mozilla/5.0 (Windows NT 10.0; Win64; x64) AppleWebKit/537.36 (KHTML, like Gecko) Chrome/78.0.3904.70 Safari/537.36"
101.34.224.66 - - [08/Aug/2022:12:18:32 +0000] "POST /wp-login.php HTTP/1.1" 404 197 "-" "Mozilla/5.0 (Windows NT 6.1; WOW64) AppleWebKit/537.36 (KHTML, like Gecko) Chrome/32.0.1700.107 Safari/537.36"
159.203.120.246 - - [08/Aug/2022:12:19:46 +0000] "POST /wp-login.php HTTP/1.1" 404 197 "-" "Mozilla/5.0 (Windows NT 10.0; Win64; x64) AppleWebKit/537.36 (KHTML, like Gecko) Chrome/86.0.4240.193 Safari/537.36"
89.19.79.46 - argent [08/Aug/2022:12:22:38 +0000] "GET / HTTP/1.1" 200 3543 "-" "Mozilla/5.0 (Windows NT 10.0; Win64; x64) AppleWebKit/537.36 (KHTML, like Gecko) Chrome/104.0.0.0 Safari/537.36"
89.19.79.46 - argent [08/Aug/2022:12:22:38 +0000] "GET /icons/ubuntu-logo.png HTTP/1.1" 404 197 "https://argent-d.eco-n-tech.co.uk/" "Mozilla/5.0 (Windows NT 10.0; Win64; x64) AppleWebKit/537.36 (KHTML, like Gecko) Chrome/104.0.0.0 Safari/537.36"
89.19.79.46 - argent [08/Aug/2022:12:22:42 +0000] "GET / HTTP/1.1" 200 3543 "-" "Mozilla/5.0 (Windows NT 10.0; Win64; x64) AppleWebKit/537.36 (KHTML, like Gecko) Chrome/104.0.0.0 Safari/537.36"
89.19.79.46 - argent [08/Aug/2022:12:22:42 +0000] "GET /icons/ubuntu-logo.png HTTP/1.1" 404 197 "https://argent-d.eco-n-tech.co.uk/" "Mozilla/5.0 (Windows NT 10.0; Win64; x64) AppleWebKit/537.36 (KHTML, like Gecko) Chrome/104.0.0.0 Safari/537.36"
109.172.150.180 - - [08/Aug/2022:12:22:44 +0000] "GET / HTTP/1.1" 304 0 "-" "Mozilla/5.0 (X11; Linux x86_64) AppleWebKit/537.36 (KHTML, like Gecko) Chrome/104.0.0.0 Safari/537.36"
109.172.150.180 - - [08/Aug/2022:12:22:44 +0000] "GET /icons/ubuntu-logo.png HTTP/1.1" 404 197 "http://lotusblue.eco-n-tech.co.uk/" "Mozilla/5.0 (X11; Linux x86_64) AppleWebKit/537.36 (KHTML, like Gecko) Chrome/104.0.0.0 Safari/537.36"
64.90.36.102 - - [08/Aug/2022:12:22:47 +0000] "POST /wp-login.php HTTP/1.1" 404 197 "-" "Mozilla/5.0 (Windows NT 6.0) AppleWebKit/537.36 (KHTML, like Gecko) Chrome/49.0.2623.112 Safari/537.36"
109.172.150.180 - - [08/Aug/2022:12:22:48 +0000] "GET / HTTP/1.1" 304 0 "-" "Mozilla/5.0 (X11; Linux x86_64) AppleWebKit/537.36 (KHTML, like Gecko) Chrome/104.0.0.0 Safari/537.36"
109.172.150.180 - - [08/Aug/2022:12:22:48 +0000] "GET /icons/ubuntu-logo.png HTTP/1.1" 404 197 "http://lotusblue.eco-n-tech.co.uk/" "Mozilla/5.0 (X11; Linux x86_64) AppleWebKit/537.36 (KHTML, like Gecko) Chrome/104.0.0.0 Safari/537.36"
80.87.10.11 - - [08/Aug/2022:12:22:58 +0000] "POST /wp-login.php HTTP/1.1" 404 197 "-" "Mozilla/5.0 (Windows NT 10.0; WOW64) AppleWebKit/537.36 (KHTML, like Gecko) Chrome/53.0.2785.143 Safari/537.36"
109.172.150.180 - - [08/Aug/2022:12:23:11 +0000] "GET / HTTP/1.1" 200 3543 "-" "Mozilla/5.0 (X11; Linux x86_64) AppleWebKit/537.36 (KHTML, like Gecko) Chrome/104.0.0.0 Safari/537.36"
109.172.150.180 - - [08/Aug/2022:12:23:11 +0000] "GET /icons/ubuntu-logo.png HTTP/1.1" 404 197 "https://lotusblue.eco-n-tech.co.uk/" "Mozilla/5.0 (X11; Linux x86_64) AppleWebKit/537.36 (KHTML, like Gecko) Chrome/104.0.0.0 Safari/537.36"
109.172.150.180 - - [08/Aug/2022:12:23:11 +0000] "GET /favicon.ico HTTP/1.1" 404 197 "https://lotusblue.eco-n-tech.co.uk/" "Mozilla/5.0 (X11; Linux x86_64) AppleWebKit/537.36 (KHTML, like Gecko) Chrome/104.0.0.0 Safari/537.36"